{"id":1471,"date":"2022-12-05T19:29:37","date_gmt":"2022-12-05T16:29:37","guid":{"rendered":"https:\/\/www.albertekstil.com.tr\/?post_type=dt_gallery&#038;p=1471"},"modified":"2023-01-25T18:23:25","modified_gmt":"2023-01-25T15:23:25","slug":"bornoz","status":"publish","type":"dt_gallery","link":"https:\/\/www.albertekstil.com.tr\/?dt_gallery=bornoz","title":{"rendered":"Bornoz"},"content":{"rendered":"","protected":false},"excerpt":{"rendered":"","protected":false},"author":1,"featured_media":0,"comment_status":"closed","ping_status":"closed","template":"","dt_gallery_category":[],"class_list":["post-1471","dt_gallery","type-dt_gallery","status-publish","hentry","description-off"],"yoast_head":"<!-- This site is optimized with the Yoast SEO plugin v19.14 - https:\/\/yoast.com\/wordpress\/plugins\/seo\/ -->\n<title>Bornoz - Denizli Alber Tekstil<\/title>\n<meta name=\"robots\" content=\"noindex, nofollow\" \/>\n<meta property=\"og:locale\" content=\"tr_TR\" \/>\n<meta property=\"og:type\" content=\"article\" \/>\n<meta property=\"og:title\" content=\"Bornoz - Denizli Alber Tekstil\" \/>\n<meta property=\"og:url\" content=\"https:\/\/www.albertekstil.com.tr\/?dt_gallery=bornoz\" \/>\n<meta property=\"og:site_name\" content=\"Denizli Alber Tekstil\" \/>\n<meta property=\"article:modified_time\" content=\"2023-01-25T15:23:25+00:00\" \/>\n<meta name=\"twitter:card\" content=\"summary_large_image\" \/>\n<script type=\"application\/ld+json\" class=\"yoast-schema-graph\">{\"@context\":\"https:\/\/schema.org\",\"@graph\":[{\"@type\":\"WebPage\",\"@id\":\"https:\/\/www.albertekstil.com.tr\/?dt_gallery=bornoz\",\"url\":\"https:\/\/www.albertekstil.com.tr\/?dt_gallery=bornoz\",\"name\":\"Bornoz - Denizli Alber Tekstil\",\"isPartOf\":{\"@id\":\"https:\/\/www.albertekstil.com.tr\/#website\"},\"datePublished\":\"2022-12-05T16:29:37+00:00\",\"dateModified\":\"2023-01-25T15:23:25+00:00\",\"breadcrumb\":{\"@id\":\"https:\/\/www.albertekstil.com.tr\/?dt_gallery=bornoz#breadcrumb\"},\"inLanguage\":\"tr\",\"potentialAction\":[{\"@type\":\"ReadAction\",\"target\":[\"https:\/\/www.albertekstil.com.tr\/?dt_gallery=bornoz\"]}]},{\"@type\":\"BreadcrumbList\",\"@id\":\"https:\/\/www.albertekstil.com.tr\/?dt_gallery=bornoz#breadcrumb\",\"itemListElement\":[{\"@type\":\"ListItem\",\"position\":1,\"name\":\"Anasayfa\",\"item\":\"https:\/\/www.albertekstil.com.tr\/\"},{\"@type\":\"ListItem\",\"position\":2,\"name\":\"Photo Albums\",\"item\":\"https:\/\/www.albertekstil.com.tr\/?post_type=dt_gallery\"},{\"@type\":\"ListItem\",\"position\":3,\"name\":\"Bornoz\"}]},{\"@type\":\"WebSite\",\"@id\":\"https:\/\/www.albertekstil.com.tr\/#website\",\"url\":\"https:\/\/www.albertekstil.com.tr\/\",\"name\":\"Denizli Alber Tekstil\",\"description\":\"\u00dcretimde m\u00fckemmellik ve yenilik\u00e7ilik\",\"publisher\":{\"@id\":\"https:\/\/www.albertekstil.com.tr\/#organization\"},\"potentialAction\":[{\"@type\":\"SearchAction\",\"target\":{\"@type\":\"EntryPoint\",\"urlTemplate\":\"https:\/\/www.albertekstil.com.tr\/?s={search_term_string}\"},\"query-input\":\"required name=search_term_string\"}],\"inLanguage\":\"tr\"},{\"@type\":\"Organization\",\"@id\":\"https:\/\/www.albertekstil.com.tr\/#organization\",\"name\":\"Denizli Alber Tekstil\",\"url\":\"https:\/\/www.albertekstil.com.tr\/\",\"logo\":{\"@type\":\"ImageObject\",\"inLanguage\":\"tr\",\"@id\":\"https:\/\/www.albertekstil.com.tr\/#\/schema\/logo\/image\/\",\"url\":\"https:\/\/www.albertekstil.com.tr\/wp-content\/uploads\/2022\/12\/387x141-Alber-Logo.png\",\"contentUrl\":\"https:\/\/www.albertekstil.com.tr\/wp-content\/uploads\/2022\/12\/387x141-Alber-Logo.png\",\"width\":387,\"height\":141,\"caption\":\"Denizli Alber Tekstil\"},\"image\":{\"@id\":\"https:\/\/www.albertekstil.com.tr\/#\/schema\/logo\/image\/\"},\"sameAs\":[\"https:\/\/www.instagram.com\/albertekstil\/\"]}]}<\/script>\n<!-- \/ Yoast SEO plugin. -->","yoast_head_json":{"title":"Bornoz - Denizli Alber Tekstil","robots":{"index":"noindex","follow":"nofollow"},"og_locale":"tr_TR","og_type":"article","og_title":"Bornoz - Denizli Alber Tekstil","og_url":"https:\/\/www.albertekstil.com.tr\/?dt_gallery=bornoz","og_site_name":"Denizli Alber Tekstil","article_modified_time":"2023-01-25T15:23:25+00:00","twitter_card":"summary_large_image","schema":{"@context":"https:\/\/schema.org","@graph":[{"@type":"WebPage","@id":"https:\/\/www.albertekstil.com.tr\/?dt_gallery=bornoz","url":"https:\/\/www.albertekstil.com.tr\/?dt_gallery=bornoz","name":"Bornoz - Denizli Alber Tekstil","isPartOf":{"@id":"https:\/\/www.albertekstil.com.tr\/#website"},"datePublished":"2022-12-05T16:29:37+00:00","dateModified":"2023-01-25T15:23:25+00:00","breadcrumb":{"@id":"https:\/\/www.albertekstil.com.tr\/?dt_gallery=bornoz#breadcrumb"},"inLanguage":"tr","potentialAction":[{"@type":"ReadAction","target":["https:\/\/www.albertekstil.com.tr\/?dt_gallery=bornoz"]}]},{"@type":"BreadcrumbList","@id":"https:\/\/www.albertekstil.com.tr\/?dt_gallery=bornoz#breadcrumb","itemListElement":[{"@type":"ListItem","position":1,"name":"Anasayfa","item":"https:\/\/www.albertekstil.com.tr\/"},{"@type":"ListItem","position":2,"name":"Photo Albums","item":"https:\/\/www.albertekstil.com.tr\/?post_type=dt_gallery"},{"@type":"ListItem","position":3,"name":"Bornoz"}]},{"@type":"WebSite","@id":"https:\/\/www.albertekstil.com.tr\/#website","url":"https:\/\/www.albertekstil.com.tr\/","name":"Denizli Alber Tekstil","description":"\u00dcretimde m\u00fckemmellik ve yenilik\u00e7ilik","publisher":{"@id":"https:\/\/www.albertekstil.com.tr\/#organization"},"potentialAction":[{"@type":"SearchAction","target":{"@type":"EntryPoint","urlTemplate":"https:\/\/www.albertekstil.com.tr\/?s={search_term_string}"},"query-input":"required name=search_term_string"}],"inLanguage":"tr"},{"@type":"Organization","@id":"https:\/\/www.albertekstil.com.tr\/#organization","name":"Denizli Alber Tekstil","url":"https:\/\/www.albertekstil.com.tr\/","logo":{"@type":"ImageObject","inLanguage":"tr","@id":"https:\/\/www.albertekstil.com.tr\/#\/schema\/logo\/image\/","url":"https:\/\/www.albertekstil.com.tr\/wp-content\/uploads\/2022\/12\/387x141-Alber-Logo.png","contentUrl":"https:\/\/www.albertekstil.com.tr\/wp-content\/uploads\/2022\/12\/387x141-Alber-Logo.png","width":387,"height":141,"caption":"Denizli Alber Tekstil"},"image":{"@id":"https:\/\/www.albertekstil.com.tr\/#\/schema\/logo\/image\/"},"sameAs":["https:\/\/www.instagram.com\/albertekstil\/"]}]}},"_links":{"self":[{"href":"https:\/\/www.albertekstil.com.tr\/index.php?rest_route=\/wp\/v2\/dt_gallery\/1471","targetHints":{"allow":["GET"]}}],"collection":[{"href":"https:\/\/www.albertekstil.com.tr\/index.php?rest_route=\/wp\/v2\/dt_gallery"}],"about":[{"href":"https:\/\/www.albertekstil.com.tr\/index.php?rest_route=\/wp\/v2\/types\/dt_gallery"}],"author":[{"embeddable":true,"href":"https:\/\/www.albertekstil.com.tr\/index.php?rest_route=\/wp\/v2\/users\/1"}],"replies":[{"embeddable":true,"href":"https:\/\/www.albertekstil.com.tr\/index.php?rest_route=%2Fwp%2Fv2%2Fcomments&post=1471"}],"version-history":[{"count":1,"href":"https:\/\/www.albertekstil.com.tr\/index.php?rest_route=\/wp\/v2\/dt_gallery\/1471\/revisions"}],"predecessor-version":[{"id":1477,"href":"https:\/\/www.albertekstil.com.tr\/index.php?rest_route=\/wp\/v2\/dt_gallery\/1471\/revisions\/1477"}],"wp:attachment":[{"href":"https:\/\/www.albertekstil.com.tr\/index.php?rest_route=%2Fwp%2Fv2%2Fmedia&parent=1471"}],"wp:term":[{"taxonomy":"dt_gallery_category","embeddable":true,"href":"https:\/\/www.albertekstil.com.tr\/index.php?rest_route=%2Fwp%2Fv2%2Fdt_gallery_category&post=1471"}],"curies":[{"name":"wp","href":"https:\/\/api.w.org\/{rel}","templated":true}]}}

<!-- This site is optimized with the Yoast SEO plugin v19.14 - https://yoast.com/wordpress/plugins/seo/ -->
<title>Bornoz - Denizli Alber Tekstil</title>
<meta name="robots" content="noindex, nofollow" />
<meta property="og:locale" content="tr_TR" />
<meta property="og:type" content="article" />
<meta property="og:title" content="Bornoz - Denizli Alber Tekstil" />
<meta property="og:url" content="https://www.albertekstil.com.tr/?dt_gallery=bornoz" />
<meta property="og:site_name" content="Denizli Alber Tekstil" />
<meta property="article:modified_time" content="2023-01-25T15:23:25+00:00" />
<meta name="twitter:card" content="summary_large_image" />
<script type="application/ld+json" class="yoast-schema-graph">{"@context":"https://schema.org","@graph":[{"@type":"WebPage","@id":"https://www.albertekstil.com.tr/?dt_gallery=bornoz","url":"https://www.albertekstil.com.tr/?dt_gallery=bornoz","name":"Bornoz - Denizli Alber Tekstil","isPartOf":{"@id":"https://www.albertekstil.com.tr/#website"},"datePublished":"2022-12-05T16:29:37+00:00","dateModified":"2023-01-25T15:23:25+00:00","breadcrumb":{"@id":"https://www.albertekstil.com.tr/?dt_gallery=bornoz#breadcrumb"},"inLanguage":"tr","potentialAction":[{"@type":"ReadAction","target":["https://www.albertekstil.com.tr/?dt_gallery=bornoz"]}]},{"@type":"BreadcrumbList","@id":"https://www.albertekstil.com.tr/?dt_gallery=bornoz#breadcrumb","itemListElement":[{"@type":"ListItem","position":1,"name":"Anasayfa","item":"https://www.albertekstil.com.tr/"},{"@type":"ListItem","position":2,"name":"Photo Albums","item":"https://www.albertekstil.com.tr/?post_type=dt_gallery"},{"@type":"ListItem","position":3,"name":"Bornoz"}]},{"@type":"WebSite","@id":"https://www.albertekstil.com.tr/#website","url":"https://www.albertekstil.com.tr/","name":"Denizli Alber Tekstil","description":"Üretimde mükemmellik ve yenilikçilik","publisher":{"@id":"https://www.albertekstil.com.tr/#organization"},"potentialAction":[{"@type":"SearchAction","target":{"@type":"EntryPoint","urlTemplate":"https://www.albertekstil.com.tr/?s={search_term_string}"},"query-input":"required name=search_term_string"}],"inLanguage":"tr"},{"@type":"Organization","@id":"https://www.albertekstil.com.tr/#organization","name":"Denizli Alber Tekstil","url":"https://www.albertekstil.com.tr/","logo":{"@type":"ImageObject","inLanguage":"tr","@id":"https://www.albertekstil.com.tr/#/schema/logo/image/","url":"https://www.albertekstil.com.tr/wp-content/uploads/2022/12/387x141-Alber-Logo.png","contentUrl":"https://www.albertekstil.com.tr/wp-content/uploads/2022/12/387x141-Alber-Logo.png","width":387,"height":141,"caption":"Denizli Alber Tekstil"},"image":{"@id":"https://www.albertekstil.com.tr/#/schema/logo/image/"},"sameAs":["https://www.instagram.com/albertekstil/"]}]}</script>
<!-- / Yoast SEO plugin. -->

Üretimde mükemmellik ve yenilikçilik
