{"id":1803,"date":"2023-01-06T18:22:13","date_gmt":"2023-01-06T15:22:13","guid":{"rendered":"https:\/\/www.albertekstil.com.tr\/?page_id=1803"},"modified":"2023-02-07T12:54:58","modified_gmt":"2023-02-07T09:54:58","slug":"yat-kumasi","status":"publish","type":"page","link":"https:\/\/www.albertekstil.com.tr\/?page_id=1803","title":{"rendered":"Yat Kuma\u015f\u0131"},"content":{"rendered":"<p>[vc_row full_width=&#8221;stretch_row_content_no_spaces&#8221; equal_height=&#8221;yes&#8221; content_placement=&#8221;top&#8221;][vc_column]<div class=\"ult-spacer spacer-69f39c7d5aa3c\" data-id=\"69f39c7d5aa3c\" data-height=\"100\" data-height-mobile=\"100\" data-height-tab=\"100\" data-height-tab-portrait=\"\" data-height-mobile-landscape=\"\" style=\"clear:both;display:block;\"><\/div>[\/vc_column][vc_column width=&#8221;1\/2&#8243; css=&#8221;.vc_custom_1670284458860{padding-top: 50px !important;padding-right: 50px !important;padding-bottom: 50px !important;padding-left: 50px !important;background-color: #ffffff !important;border-radius: 35px !important;}&#8221;]<style type=\"text\/css\" data-type=\"the7_shortcodes-inline-css\">.shortcode-single-image-wrap.shortcode-single-image-08db1b56f9b41037815a6f583e17d2be.enable-bg-rollover .rollover i,\n.shortcode-single-image-wrap.shortcode-single-image-08db1b56f9b41037815a6f583e17d2be.enable-bg-rollover .rollover-video i {\n  background: -webkit-linear-gradient();\n  background: linear-gradient();\n}\n.shortcode-single-image-wrap.shortcode-single-image-08db1b56f9b41037815a6f583e17d2be .rollover-icon {\n  font-size: 32px;\n  color: #ffffff;\n  min-width: 44px;\n  min-height: 44px;\n  line-height: 44px;\n  border-radius: 100px;\n  border-style: solid;\n  border-width: 0px;\n}\n.dt-icon-bg-on.shortcode-single-image-wrap.shortcode-single-image-08db1b56f9b41037815a6f583e17d2be .rollover-icon {\n  background: rgba(255,255,255,0.3);\n  box-shadow: none;\n}\n<\/style><div class=\"shortcode-single-image-wrap shortcode-single-image-08db1b56f9b41037815a6f583e17d2be alignnone  vc_custom_1673019114771 enable-bg-rollover dt-icon-bg-off\" ><div class=\"shortcode-single-image\"><div class=\"fancy-media-wrap  layzr-bg\" style=\"\"><img loading=\"lazy\" decoding=\"async\" class=\"preload-me lazy-load\" src=\"data:image\/svg+xml,%3Csvg%20xmlns%3D&#39;http%3A%2F%2Fwww.w3.org%2F2000%2Fsvg&#39;%20viewBox%3D&#39;0%200%201080%20540&#39;%2F%3E\" data-src=\"https:\/\/www.albertekstil.com.tr\/wp-content\/uploads\/2022\/12\/Alber-Post-Yat2-1080x540.jpg\" data-srcset=\"https:\/\/www.albertekstil.com.tr\/wp-content\/uploads\/2022\/12\/Alber-Post-Yat2-1080x540.jpg 1080w\" width=\"1080\" height=\"540\"  data-dt-location=\"https:\/\/www.albertekstil.com.tr\/?attachment_id=1666\" style=\"\" alt=\"\" \/><\/div><\/div><\/div><div id=\"ultimate-heading-891969f39c7d5cd9c\" class=\"uvc-heading ult-adjust-bottom-margin ultimate-heading-891969f39c7d5cd9c uvc-7252  uvc-heading-default-font-sizes\" data-hspacer=\"no_spacer\"  data-halign=\"left\" style=\"text-align:left\"><div class=\"uvc-heading-spacer no_spacer\" style=\"top\"><\/div><div class=\"uvc-main-heading ult-responsive\"  data-ultimate-target='.uvc-heading.ultimate-heading-891969f39c7d5cd9c h2'  data-responsive-json-new='{\"font-size\":\"\",\"line-height\":\"\"}' ><h2 style=\"font-weight:bold;margin-bottom:20px;\">Tek Tarafl\u0131 Yat Havlu Kuma\u015f\u0131<\/h2><\/div><\/div>[\/vc_column][vc_column width=&#8221;1\/2&#8243; css=&#8221;.vc_custom_1674339527730{padding-top: 50px !important;padding-right: 50px !important;padding-bottom: 50px !important;padding-left: 50px !important;background-color: #ececec !important;}&#8221;]<style type=\"text\/css\" data-type=\"the7_shortcodes-inline-css\">.shortcode-single-image-wrap.shortcode-single-image-a35e96e38491c56889c60bd4a971f3fe.enable-bg-rollover .rollover i,\n.shortcode-single-image-wrap.shortcode-single-image-a35e96e38491c56889c60bd4a971f3fe.enable-bg-rollover .rollover-video i {\n  background: -webkit-linear-gradient();\n  background: linear-gradient();\n}\n.shortcode-single-image-wrap.shortcode-single-image-a35e96e38491c56889c60bd4a971f3fe .rollover-icon {\n  font-size: 32px;\n  color: #ffffff;\n  min-width: 44px;\n  min-height: 44px;\n  line-height: 44px;\n  border-radius: 100px;\n  border-style: solid;\n  border-width: 0px;\n}\n.dt-icon-bg-on.shortcode-single-image-wrap.shortcode-single-image-a35e96e38491c56889c60bd4a971f3fe .rollover-icon {\n  background: rgba(255,255,255,0.3);\n  box-shadow: none;\n}\n<\/style><div class=\"shortcode-single-image-wrap shortcode-single-image-a35e96e38491c56889c60bd4a971f3fe alignnone  vc_custom_1674230695968 enable-bg-rollover dt-icon-bg-off\" ><div class=\"shortcode-single-image\"><div class=\"fancy-media-wrap  layzr-bg\" style=\"\"><img loading=\"lazy\" decoding=\"async\" class=\"preload-me lazy-load\" src=\"data:image\/svg+xml,%3Csvg%20xmlns%3D&#39;http%3A%2F%2Fwww.w3.org%2F2000%2Fsvg&#39;%20viewBox%3D&#39;0%200%201080%20540&#39;%2F%3E\" data-src=\"https:\/\/www.albertekstil.com.tr\/wp-content\/uploads\/2022\/12\/Alber-Yatch-e1674230645776-1080x540.jpg\" data-srcset=\"https:\/\/www.albertekstil.com.tr\/wp-content\/uploads\/2022\/12\/Alber-Yatch-e1674230645776-1080x540.jpg 1080w\" width=\"1080\" height=\"540\"  data-dt-location=\"https:\/\/www.albertekstil.com.tr\/?attachment_id=1559\" style=\"\" alt=\"\" \/><\/div><\/div><\/div><div id=\"ultimate-heading-850569f39c7d5eb4e\" class=\"uvc-heading ult-adjust-bottom-margin ultimate-heading-850569f39c7d5eb4e uvc-1216  uvc-heading-default-font-sizes\" data-hspacer=\"no_spacer\"  data-halign=\"left\" style=\"text-align:left\"><div class=\"uvc-heading-spacer no_spacer\" style=\"top\"><\/div><div class=\"uvc-main-heading ult-responsive\"  data-ultimate-target='.uvc-heading.ultimate-heading-850569f39c7d5eb4e h2'  data-responsive-json-new='{\"font-size\":\"\",\"line-height\":\"\"}' ><h2 style=\"font-weight:bold;margin-bottom:20px;\">\u00c7ift Tarafl\u0131 Yat Havlu Kuma\u015f\u0131<\/h2><\/div><\/div>[\/vc_column][\/vc_row][vc_row full_width=&#8221;stretch_row_content_no_spaces&#8221; equal_height=&#8221;yes&#8221; content_placement=&#8221;top&#8221; el_class=&#8221;reverse-row-on-mobile&#8221;][vc_column width=&#8221;1\/2&#8243; css=&#8221;.vc_custom_1674339617322{padding-top: 50px !important;padding-right: 50px !important;padding-bottom: 50px !important;padding-left: 50px !important;background-color: #ececec !important;}&#8221;]<style type=\"text\/css\" data-type=\"the7_shortcodes-inline-css\">.shortcode-single-image-wrap.shortcode-single-image-23502349cc2b044b7849bb14e234532c.enable-bg-rollover .rollover i,\n.shortcode-single-image-wrap.shortcode-single-image-23502349cc2b044b7849bb14e234532c.enable-bg-rollover .rollover-video i {\n  background: -webkit-linear-gradient();\n  background: linear-gradient();\n}\n.shortcode-single-image-wrap.shortcode-single-image-23502349cc2b044b7849bb14e234532c .rollover-icon {\n  font-size: 32px;\n  color: #ffffff;\n  min-width: 44px;\n  min-height: 44px;\n  line-height: 44px;\n  border-radius: 100px;\n  border-style: solid;\n  border-width: 0px;\n}\n.dt-icon-bg-on.shortcode-single-image-wrap.shortcode-single-image-23502349cc2b044b7849bb14e234532c .rollover-icon {\n  background: rgba(255,255,255,0.3);\n  box-shadow: none;\n}\n<\/style><div class=\"shortcode-single-image-wrap shortcode-single-image-23502349cc2b044b7849bb14e234532c alignnone  vc_custom_1674229441872 enable-bg-rollover dt-icon-bg-off\" ><div class=\"shortcode-single-image\"><div class=\"fancy-media-wrap  layzr-bg\" style=\"\"><img loading=\"lazy\" decoding=\"async\" class=\"preload-me lazy-load\" src=\"data:image\/svg+xml,%3Csvg%20xmlns%3D&#39;http%3A%2F%2Fwww.w3.org%2F2000%2Fsvg&#39;%20viewBox%3D&#39;0%200%201200%20600&#39;%2F%3E\" data-src=\"https:\/\/www.albertekstil.com.tr\/wp-content\/uploads\/2023\/01\/ibrahim-mushan-nzPzTkwl5VI-unsplash-scaled-1200x600.jpg\" data-srcset=\"https:\/\/www.albertekstil.com.tr\/wp-content\/uploads\/2023\/01\/ibrahim-mushan-nzPzTkwl5VI-unsplash-scaled-1200x600.jpg 1200w, https:\/\/www.albertekstil.com.tr\/wp-content\/uploads\/2023\/01\/ibrahim-mushan-nzPzTkwl5VI-unsplash-scaled-2400x1200.jpg 2400w\" width=\"1200\" height=\"600\"  data-dt-location=\"https:\/\/www.albertekstil.com.tr\/?attachment_id=2036\" style=\"\" alt=\"\" \/><\/div><\/div><\/div><div id=\"ultimate-heading-528569f39c7d644d8\" class=\"uvc-heading ult-adjust-bottom-margin ultimate-heading-528569f39c7d644d8 uvc-714  uvc-heading-default-font-sizes\" data-hspacer=\"no_spacer\"  data-halign=\"left\" style=\"text-align:left\"><div class=\"uvc-heading-spacer no_spacer\" style=\"top\"><\/div><div class=\"uvc-main-heading ult-responsive\"  data-ultimate-target='.uvc-heading.ultimate-heading-528569f39c7d644d8 h2'  data-responsive-json-new='{\"font-size\":\"\",\"line-height\":\"\"}' ><h2 style=\"font-weight:bold;margin-bottom:20px;\">Dream Soft Yat Havlu Kuma\u015f\u0131<\/h2><\/div><\/div>[\/vc_column][\/vc_row]<\/p>\n","protected":false},"excerpt":{"rendered":"<p>[vc_row full_width=&#8221;stretch_row_content_no_spaces&#8221; equal_height=&#8221;yes&#8221; content_placement=&#8221;top&#8221;][vc_column][\/vc_column][vc_column width=&#8221;1\/2&#8243; css=&#8221;.vc_custom_1670284458860{padding-top: 50px !important;padding-right: 50px !important;padding-bottom: 50px !important;padding-left: 50px !important;background-color: #ffffff !important;border-radius: 35px !important;}&#8221;][\/vc_column][vc_column width=&#8221;1\/2&#8243; css=&#8221;.vc_custom_1674339527730{padding-top: 50px !important;padding-right: 50px !important;padding-bottom: 50px !important;padding-left: 50px !important;background-color: #ececec !important;}&#8221;][\/vc_column][\/vc_row][vc_row full_width=&#8221;stretch_row_content_no_spaces&#8221; equal_height=&#8221;yes&#8221; content_placement=&#8221;top&#8221; el_class=&#8221;reverse-row-on-mobile&#8221;][vc_column width=&#8221;1\/2&#8243; css=&#8221;.vc_custom_1674339617322{padding-top: 50px !important;padding-right: 50px !important;padding-bottom: 50px !important;padding-left: 50px !important;background-color: #ececec !important;}&#8221;][\/vc_column][\/vc_row]<\/p>\n","protected":false},"author":1,"featured_media":0,"parent":0,"menu_order":25,"comment_status":"closed","ping_status":"closed","template":"","meta":{"footnotes":""},"class_list":["post-1803","page","type-page","status-publish","hentry","description-off"],"yoast_head":"<!-- This site is optimized with the Yoast SEO plugin v19.14 - https:\/\/yoast.com\/wordpress\/plugins\/seo\/ -->\n<title>Havlu Yat Kuma\u015f\u0131 - Denizli Alber Tekstil<\/title>\n<meta name=\"description\" content=\"Tek tarafl\u0131, \u00e7ift tarafl\u0131 ve dream soft yat havlu kuma\u015flar\u0131m\u0131z geni\u015f renk se\u00e7enekleriyle birlikte d\u00f6\u015femelerinize hayat veriyor.\" \/>\n<meta name=\"robots\" content=\"index, follow, max-snippet:-1, max-image-preview:large, max-video-preview:-1\" \/>\n<link rel=\"canonical\" href=\"https:\/\/www.albertekstil.com.tr\/?page_id=1803\" \/>\n<meta property=\"og:locale\" content=\"tr_TR\" \/>\n<meta property=\"og:type\" content=\"article\" \/>\n<meta property=\"og:title\" content=\"Havlu Yat Kuma\u015f\u0131 - Denizli Alber Tekstil\" \/>\n<meta property=\"og:description\" content=\"Tek tarafl\u0131, \u00e7ift tarafl\u0131 ve dream soft yat havlu kuma\u015flar\u0131m\u0131z geni\u015f renk se\u00e7enekleriyle birlikte d\u00f6\u015femelerinize hayat veriyor.\" \/>\n<meta property=\"og:url\" content=\"https:\/\/www.albertekstil.com.tr\/?page_id=1803\" \/>\n<meta property=\"og:site_name\" content=\"Denizli Alber Tekstil\" \/>\n<meta property=\"article:modified_time\" content=\"2023-02-07T09:54:58+00:00\" \/>\n<meta name=\"twitter:card\" content=\"summary_large_image\" \/>\n<meta name=\"twitter:label1\" content=\"Tahmini okuma s\u00fcresi\" \/>\n\t<meta name=\"twitter:data1\" content=\"1 dakika\" \/>\n<script type=\"application\/ld+json\" class=\"yoast-schema-graph\">{\"@context\":\"https:\/\/schema.org\",\"@graph\":[{\"@type\":\"WebPage\",\"@id\":\"https:\/\/www.albertekstil.com.tr\/?page_id=1803\",\"url\":\"https:\/\/www.albertekstil.com.tr\/?page_id=1803\",\"name\":\"Havlu Yat Kuma\u015f\u0131 - Denizli Alber Tekstil\",\"isPartOf\":{\"@id\":\"https:\/\/www.albertekstil.com.tr\/#website\"},\"datePublished\":\"2023-01-06T15:22:13+00:00\",\"dateModified\":\"2023-02-07T09:54:58+00:00\",\"description\":\"Tek tarafl\u0131, \u00e7ift tarafl\u0131 ve dream soft yat havlu kuma\u015flar\u0131m\u0131z geni\u015f renk se\u00e7enekleriyle birlikte d\u00f6\u015femelerinize hayat veriyor.\",\"breadcrumb\":{\"@id\":\"https:\/\/www.albertekstil.com.tr\/?page_id=1803#breadcrumb\"},\"inLanguage\":\"tr\",\"potentialAction\":[{\"@type\":\"ReadAction\",\"target\":[\"https:\/\/www.albertekstil.com.tr\/?page_id=1803\"]}]},{\"@type\":\"BreadcrumbList\",\"@id\":\"https:\/\/www.albertekstil.com.tr\/?page_id=1803#breadcrumb\",\"itemListElement\":[{\"@type\":\"ListItem\",\"position\":1,\"name\":\"Anasayfa\",\"item\":\"https:\/\/www.albertekstil.com.tr\/\"},{\"@type\":\"ListItem\",\"position\":2,\"name\":\"Yat Kuma\u015f\u0131\"}]},{\"@type\":\"WebSite\",\"@id\":\"https:\/\/www.albertekstil.com.tr\/#website\",\"url\":\"https:\/\/www.albertekstil.com.tr\/\",\"name\":\"Denizli Alber Tekstil\",\"description\":\"\u00dcretimde m\u00fckemmellik ve yenilik\u00e7ilik\",\"publisher\":{\"@id\":\"https:\/\/www.albertekstil.com.tr\/#organization\"},\"potentialAction\":[{\"@type\":\"SearchAction\",\"target\":{\"@type\":\"EntryPoint\",\"urlTemplate\":\"https:\/\/www.albertekstil.com.tr\/?s={search_term_string}\"},\"query-input\":\"required name=search_term_string\"}],\"inLanguage\":\"tr\"},{\"@type\":\"Organization\",\"@id\":\"https:\/\/www.albertekstil.com.tr\/#organization\",\"name\":\"Denizli Alber Tekstil\",\"url\":\"https:\/\/www.albertekstil.com.tr\/\",\"logo\":{\"@type\":\"ImageObject\",\"inLanguage\":\"tr\",\"@id\":\"https:\/\/www.albertekstil.com.tr\/#\/schema\/logo\/image\/\",\"url\":\"https:\/\/www.albertekstil.com.tr\/wp-content\/uploads\/2022\/12\/387x141-Alber-Logo.png\",\"contentUrl\":\"https:\/\/www.albertekstil.com.tr\/wp-content\/uploads\/2022\/12\/387x141-Alber-Logo.png\",\"width\":387,\"height\":141,\"caption\":\"Denizli Alber Tekstil\"},\"image\":{\"@id\":\"https:\/\/www.albertekstil.com.tr\/#\/schema\/logo\/image\/\"},\"sameAs\":[\"https:\/\/www.instagram.com\/albertekstil\/\"]}]}<\/script>\n<!-- \/ Yoast SEO plugin. -->","yoast_head_json":{"title":"Havlu Yat Kuma\u015f\u0131 - Denizli Alber Tekstil","description":"Tek tarafl\u0131, \u00e7ift tarafl\u0131 ve dream soft yat havlu kuma\u015flar\u0131m\u0131z geni\u015f renk se\u00e7enekleriyle birlikte d\u00f6\u015femelerinize hayat veriyor.","robots":{"index":"index","follow":"follow","max-snippet":"max-snippet:-1","max-image-preview":"max-image-preview:large","max-video-preview":"max-video-preview:-1"},"canonical":"https:\/\/www.albertekstil.com.tr\/?page_id=1803","og_locale":"tr_TR","og_type":"article","og_title":"Havlu Yat Kuma\u015f\u0131 - Denizli Alber Tekstil","og_description":"Tek tarafl\u0131, \u00e7ift tarafl\u0131 ve dream soft yat havlu kuma\u015flar\u0131m\u0131z geni\u015f renk se\u00e7enekleriyle birlikte d\u00f6\u015femelerinize hayat veriyor.","og_url":"https:\/\/www.albertekstil.com.tr\/?page_id=1803","og_site_name":"Denizli Alber Tekstil","article_modified_time":"2023-02-07T09:54:58+00:00","twitter_card":"summary_large_image","twitter_misc":{"Tahmini okuma s\u00fcresi":"1 dakika"},"schema":{"@context":"https:\/\/schema.org","@graph":[{"@type":"WebPage","@id":"https:\/\/www.albertekstil.com.tr\/?page_id=1803","url":"https:\/\/www.albertekstil.com.tr\/?page_id=1803","name":"Havlu Yat Kuma\u015f\u0131 - Denizli Alber Tekstil","isPartOf":{"@id":"https:\/\/www.albertekstil.com.tr\/#website"},"datePublished":"2023-01-06T15:22:13+00:00","dateModified":"2023-02-07T09:54:58+00:00","description":"Tek tarafl\u0131, \u00e7ift tarafl\u0131 ve dream soft yat havlu kuma\u015flar\u0131m\u0131z geni\u015f renk se\u00e7enekleriyle birlikte d\u00f6\u015femelerinize hayat veriyor.","breadcrumb":{"@id":"https:\/\/www.albertekstil.com.tr\/?page_id=1803#breadcrumb"},"inLanguage":"tr","potentialAction":[{"@type":"ReadAction","target":["https:\/\/www.albertekstil.com.tr\/?page_id=1803"]}]},{"@type":"BreadcrumbList","@id":"https:\/\/www.albertekstil.com.tr\/?page_id=1803#breadcrumb","itemListElement":[{"@type":"ListItem","position":1,"name":"Anasayfa","item":"https:\/\/www.albertekstil.com.tr\/"},{"@type":"ListItem","position":2,"name":"Yat Kuma\u015f\u0131"}]},{"@type":"WebSite","@id":"https:\/\/www.albertekstil.com.tr\/#website","url":"https:\/\/www.albertekstil.com.tr\/","name":"Denizli Alber Tekstil","description":"\u00dcretimde m\u00fckemmellik ve yenilik\u00e7ilik","publisher":{"@id":"https:\/\/www.albertekstil.com.tr\/#organization"},"potentialAction":[{"@type":"SearchAction","target":{"@type":"EntryPoint","urlTemplate":"https:\/\/www.albertekstil.com.tr\/?s={search_term_string}"},"query-input":"required name=search_term_string"}],"inLanguage":"tr"},{"@type":"Organization","@id":"https:\/\/www.albertekstil.com.tr\/#organization","name":"Denizli Alber Tekstil","url":"https:\/\/www.albertekstil.com.tr\/","logo":{"@type":"ImageObject","inLanguage":"tr","@id":"https:\/\/www.albertekstil.com.tr\/#\/schema\/logo\/image\/","url":"https:\/\/www.albertekstil.com.tr\/wp-content\/uploads\/2022\/12\/387x141-Alber-Logo.png","contentUrl":"https:\/\/www.albertekstil.com.tr\/wp-content\/uploads\/2022\/12\/387x141-Alber-Logo.png","width":387,"height":141,"caption":"Denizli Alber Tekstil"},"image":{"@id":"https:\/\/www.albertekstil.com.tr\/#\/schema\/logo\/image\/"},"sameAs":["https:\/\/www.instagram.com\/albertekstil\/"]}]}},"_links":{"self":[{"href":"https:\/\/www.albertekstil.com.tr\/index.php?rest_route=\/wp\/v2\/pages\/1803","targetHints":{"allow":["GET"]}}],"collection":[{"href":"https:\/\/www.albertekstil.com.tr\/index.php?rest_route=\/wp\/v2\/pages"}],"about":[{"href":"https:\/\/www.albertekstil.com.tr\/index.php?rest_route=\/wp\/v2\/types\/page"}],"author":[{"embeddable":true,"href":"https:\/\/www.albertekstil.com.tr\/index.php?rest_route=\/wp\/v2\/users\/1"}],"replies":[{"embeddable":true,"href":"https:\/\/www.albertekstil.com.tr\/index.php?rest_route=%2Fwp%2Fv2%2Fcomments&post=1803"}],"version-history":[{"count":16,"href":"https:\/\/www.albertekstil.com.tr\/index.php?rest_route=\/wp\/v2\/pages\/1803\/revisions"}],"predecessor-version":[{"id":2092,"href":"https:\/\/www.albertekstil.com.tr\/index.php?rest_route=\/wp\/v2\/pages\/1803\/revisions\/2092"}],"wp:attachment":[{"href":"https:\/\/www.albertekstil.com.tr\/index.php?rest_route=%2Fwp%2Fv2%2Fmedia&parent=1803"}],"curies":[{"name":"wp","href":"https:\/\/api.w.org\/{rel}","templated":true}]}}